{"id":71138,"date":"2025-02-15T09:57:56","date_gmt":"2025-02-15T09:57:56","guid":{"rendered":"https:\/\/onlinehardwareshop.de\/index.php\/produkt\/samsonite-scure-spinner-55cm-crimson-red-2\/"},"modified":"2025-05-13T23:33:08","modified_gmt":"2025-05-13T23:33:08","slug":"samsonite-scure-spinner-55cm-crimson-red","status":"publish","type":"product","link":"https:\/\/onlinehardwareshop.de\/index.php\/produkt\/samsonite-scure-spinner-55cm-crimson-red\/","title":{"rendered":"Samsonite S&#8217;Cure Spinner 55&#xA0;cm Crimson Red"},"content":{"rendered":"<p>Der Samsonite S&#8217;Cure Spinner 55\u00a0cm ist ein robuster Handgep\u00e4ckkoffer aus Polypropylen. Dank dieses sehr stabilen Materials machen dem Koffer Kratzer und St\u00f6\u00dfe auf dem Flugplatz nichts aus. Mit einem Fassungsverm\u00f6gen von 34 Litern hast du gen\u00fcgend Platz f\u00fcr das Gep\u00e4ck f\u00fcr einen Wochenendtrip. Dank der vier R\u00e4der steht der Koffer stabil auf dem Boden. Er ist au\u00dferdem mit einem praktischen TSA-Zahlenschloss ausgestattet. So ist der Inhalt deines Koffers nicht nur sicher verwahrt, sondern du vermeidest auch, dass der Zoll bei einer eventuellen Kontrolle in den USA das Schloss aufbrechen muss. Mit dem Innenraumteiler und den Packgurten bleiben deine Sachen im Koffer an Ort und Stelle. Dar\u00fcber hinaus verhindert die spezielle Dichtung, dass Feuchtigkeit in den Koffer eindringt.<\/p>\n","protected":false},"excerpt":{"rendered":"<p>Der Samsonite S&#8217;Cure Spinner 55\u00a0cm ist ein robuster Handgep\u00e4ckkoffer aus Polypropylen. Dank dieses sehr stabilen Materials machen dem Koffer Kratzer und St\u00f6\u00dfe auf dem Flugplatz nichts aus. Mit einem Fassungsverm\u00f6gen von 34 Litern hast du gen\u00fcgend Platz f\u00fcr das Gep\u00e4ck f\u00fcr einen Wochenendtrip. Dank der vier R\u00e4der steht der Koffer stabil auf dem Boden. Er ist au\u00dferdem mit einem praktischen TSA-Zahlenschloss ausgestattet. So ist der Inhalt deines Koffers nicht nur sicher verwahrt, sondern du vermeidest auch, dass der Zoll bei einer eventuellen Kontrolle in den USA das Schloss aufbrechen muss. Mit dem Innenraumteiler und den Packgurten bleiben deine Sachen im Koffer an Ort und Stelle. Dar\u00fcber hinaus verhindert die spezielle Dichtung, dass Feuchtigkeit in den Koffer eindringt.<\/p>\n","protected":false},"featured_media":0,"comment_status":"closed","ping_status":"open","template":"","meta":{"_acf_changed":false},"brand":[1260],"product_brand":[],"product_cat":[1261],"product_tag":[1271],"class_list":{"0":"post-71138","1":"product","2":"type-product","3":"status-publish","5":"brand-samsonite","6":"product_cat-koffer","7":"product_tag-handbagage-koffers","8":"pa_condition-new","9":"pa_coolblue-de-verzending-morgen-gratis-geliefert","10":"pa_ean-1274","11":"pa_mpn-49539-1235","13":"first","14":"instock","15":"product-type-external"},"acf":[],"_links":{"self":[{"href":"https:\/\/onlinehardwareshop.de\/index.php\/wp-json\/wp\/v2\/product\/71138","targetHints":{"allow":["GET"]}}],"collection":[{"href":"https:\/\/onlinehardwareshop.de\/index.php\/wp-json\/wp\/v2\/product"}],"about":[{"href":"https:\/\/onlinehardwareshop.de\/index.php\/wp-json\/wp\/v2\/types\/product"}],"replies":[{"embeddable":true,"href":"https:\/\/onlinehardwareshop.de\/index.php\/wp-json\/wp\/v2\/comments?post=71138"}],"wp:attachment":[{"href":"https:\/\/onlinehardwareshop.de\/index.php\/wp-json\/wp\/v2\/media?parent=71138"}],"wp:term":[{"taxonomy":"brand","embeddable":true,"href":"https:\/\/onlinehardwareshop.de\/index.php\/wp-json\/wp\/v2\/brand?post=71138"},{"taxonomy":"product_brand","embeddable":true,"href":"https:\/\/onlinehardwareshop.de\/index.php\/wp-json\/wp\/v2\/product_brand?post=71138"},{"taxonomy":"product_cat","embeddable":true,"href":"https:\/\/onlinehardwareshop.de\/index.php\/wp-json\/wp\/v2\/product_cat?post=71138"},{"taxonomy":"product_tag","embeddable":true,"href":"https:\/\/onlinehardwareshop.de\/index.php\/wp-json\/wp\/v2\/product_tag?post=71138"}],"curies":[{"name":"wp","href":"https:\/\/api.w.org\/{rel}","templated":true}]}}