{"id":71127,"date":"2025-02-04T20:17:48","date_gmt":"2025-02-04T20:17:48","guid":{"rendered":"https:\/\/onlinehardwareshop.de\/index.php\/produkt\/logitech-bluetooth-audioadapter-2\/"},"modified":"2025-05-13T23:32:07","modified_gmt":"2025-05-13T23:32:07","slug":"logitech-bluetooth-audioadapter","status":"publish","type":"product","link":"https:\/\/onlinehardwareshop.de\/index.php\/produkt\/logitech-bluetooth-audioadapter\/","title":{"rendered":"Logitech Bluetooth Audioadapter"},"content":{"rendered":"<p>Mit dem Logitech Bluetooth Audioadapter kannst du Musik mit fast jedem Bluetooth-Ger\u00e4t drahtlos auf fast allen Lautsprechern abspielen. Schlie\u00dfe den Logitech-Adapter an deine Lautsprecher an, um per Knopfdruck via Bluetooth eine Verbindung zu deinem Telefon, Laptop, Netbook, Tablet oder PC herzustellen. Es ist keine Softwareinstallation erforderlich, sodass du deine Musikbibliothek, YouTube oder einen Musik-Streaming-Dienst sofort drahtlos genie\u00dfen kannst. Das kompakte Design des Logitech Bluetooth Audioadapters stellt sicher, dass du den Adapter auch mal verstecken kannst und er problemlos hinter deine Lautsprecher passt.       Bitte beachte!  Dies ist ein Empf\u00e4nger, kein Sender. Du kannst den Audio-Streamer nicht verwenden, um dar\u00fcber Ton von deinem Fernseher an deine Lautsprecher zu senden. Er ist auch nicht f\u00fcr die Nutzung im Auto geeignet.<\/p>\n","protected":false},"excerpt":{"rendered":"<p>Mit dem Logitech Bluetooth Audioadapter kannst du Musik mit fast jedem Bluetooth-Ger\u00e4t drahtlos auf fast allen Lautsprechern abspielen. Schlie\u00dfe den Logitech-Adapter an deine Lautsprecher an, um per Knopfdruck via Bluetooth eine Verbindung zu deinem Telefon, Laptop, Netbook, Tablet oder PC herzustellen. Es ist keine Softwareinstallation erforderlich, sodass du deine Musikbibliothek, YouTube oder einen Musik-Streaming-Dienst sofort drahtlos genie\u00dfen kannst. Das kompakte Design des Logitech Bluetooth Audioadapters stellt sicher, dass du den Adapter auch mal verstecken kannst und er problemlos hinter deine Lautsprecher passt.       Bitte beachte!  Dies ist ein Empf\u00e4nger, kein Sender. Du kannst den Audio-Streamer nicht verwenden, um dar\u00fcber Ton von deinem Fernseher an deine Lautsprecher zu senden. Er ist auch nicht f\u00fcr die Nutzung im Auto geeignet.<\/p>\n","protected":false},"featured_media":0,"comment_status":"closed","ping_status":"open","template":"","meta":{"_acf_changed":false},"brand":[32],"product_brand":[],"product_cat":[1250],"product_tag":[1251],"class_list":{"0":"post-71127","1":"product","2":"type-product","3":"status-publish","5":"brand-logitech","6":"product_cat-audio-streamer","7":"product_tag-audiostreamers-receivers","8":"pa_condition-new","9":"pa_coolblue-de-verzending-morgen-gratis-geliefert","10":"pa_ean-1248","11":"pa_mpn-980-000912","13":"first","14":"instock","15":"product-type-external"},"acf":[],"_links":{"self":[{"href":"https:\/\/onlinehardwareshop.de\/index.php\/wp-json\/wp\/v2\/product\/71127","targetHints":{"allow":["GET"]}}],"collection":[{"href":"https:\/\/onlinehardwareshop.de\/index.php\/wp-json\/wp\/v2\/product"}],"about":[{"href":"https:\/\/onlinehardwareshop.de\/index.php\/wp-json\/wp\/v2\/types\/product"}],"replies":[{"embeddable":true,"href":"https:\/\/onlinehardwareshop.de\/index.php\/wp-json\/wp\/v2\/comments?post=71127"}],"wp:attachment":[{"href":"https:\/\/onlinehardwareshop.de\/index.php\/wp-json\/wp\/v2\/media?parent=71127"}],"wp:term":[{"taxonomy":"brand","embeddable":true,"href":"https:\/\/onlinehardwareshop.de\/index.php\/wp-json\/wp\/v2\/brand?post=71127"},{"taxonomy":"product_brand","embeddable":true,"href":"https:\/\/onlinehardwareshop.de\/index.php\/wp-json\/wp\/v2\/product_brand?post=71127"},{"taxonomy":"product_cat","embeddable":true,"href":"https:\/\/onlinehardwareshop.de\/index.php\/wp-json\/wp\/v2\/product_cat?post=71127"},{"taxonomy":"product_tag","embeddable":true,"href":"https:\/\/onlinehardwareshop.de\/index.php\/wp-json\/wp\/v2\/product_tag?post=71127"}],"curies":[{"name":"wp","href":"https:\/\/api.w.org\/{rel}","templated":true}]}}