{"id":70998,"date":"2024-10-03T19:38:39","date_gmt":"2024-10-03T19:38:39","guid":{"rendered":"https:\/\/onlinehardwareshop.de\/index.php\/produkt\/netatmo-smarte-wetterstation-2\/"},"modified":"2025-05-16T03:22:42","modified_gmt":"2025-05-16T03:22:42","slug":"netatmo-smarte-wetterstation","status":"publish","type":"product","link":"https:\/\/onlinehardwareshop.de\/index.php\/produkt\/netatmo-smarte-wetterstation\/","title":{"rendered":"Netatmo Smarte Wetterstation"},"content":{"rendered":"<p>Mit der Netatmo Smart-Wetterstation beh\u00e4ltst du die Temperatur in und um dein Haus im Auge. In der App dieser Smart-Wetterstation werden neben Standardinformationen wie der Temperatur auch Luftfeuchtigkeit, Umgebungsger\u00e4uschen und CO2 angezeigt. Mit diesem Paket kannst du im Innen- und Au\u00dfenbereich Temperatur und Luftfeuchtigkeit messen. So wei\u00dft du beispielsweise, wie warm es im Wohnzimmer ist, wie es mit der Luftqualit\u00e4t aussieht und wie das Wetter drau\u00dfen ist. Basierend auf diesen Informationen sicherst du dir schnell einen guten Einblick in deine Lebensumgebung und kannst beispielsweise die Luftqualit\u00e4t in den Innenr\u00e4umen optimieren.<\/p>\n","protected":false},"excerpt":{"rendered":"<p>Mit der Netatmo Smart-Wetterstation beh\u00e4ltst du die Temperatur in und um dein Haus im Auge. In der App dieser Smart-Wetterstation werden neben Standardinformationen wie der Temperatur auch Luftfeuchtigkeit, Umgebungsger\u00e4uschen und CO2 angezeigt. Mit diesem Paket kannst du im Innen- und Au\u00dfenbereich Temperatur und Luftfeuchtigkeit messen. So wei\u00dft du beispielsweise, wie warm es im Wohnzimmer ist, wie es mit der Luftqualit\u00e4t aussieht und wie das Wetter drau\u00dfen ist. Basierend auf diesen Informationen sicherst du dir schnell einen guten Einblick in deine Lebensumgebung und kannst beispielsweise die Luftqualit\u00e4t in den Innenr\u00e4umen optimieren.<\/p>\n","protected":false},"featured_media":0,"comment_status":"closed","ping_status":"open","template":"","meta":{"_acf_changed":false},"brand":[845],"product_brand":[],"product_cat":[846],"product_tag":[847],"class_list":{"0":"post-70998","1":"product","2":"type-product","3":"status-publish","5":"brand-netatmo","6":"product_cat-wetterstationen","7":"product_tag-weerstations","8":"pa_condition-new","9":"pa_coolblue-de-verzending-morgen-gratis-geliefert","10":"pa_ean-843","11":"pa_mpn-na-74-001","13":"first","14":"instock","15":"product-type-external"},"acf":[],"_links":{"self":[{"href":"https:\/\/onlinehardwareshop.de\/index.php\/wp-json\/wp\/v2\/product\/70998","targetHints":{"allow":["GET"]}}],"collection":[{"href":"https:\/\/onlinehardwareshop.de\/index.php\/wp-json\/wp\/v2\/product"}],"about":[{"href":"https:\/\/onlinehardwareshop.de\/index.php\/wp-json\/wp\/v2\/types\/product"}],"replies":[{"embeddable":true,"href":"https:\/\/onlinehardwareshop.de\/index.php\/wp-json\/wp\/v2\/comments?post=70998"}],"wp:attachment":[{"href":"https:\/\/onlinehardwareshop.de\/index.php\/wp-json\/wp\/v2\/media?parent=70998"}],"wp:term":[{"taxonomy":"brand","embeddable":true,"href":"https:\/\/onlinehardwareshop.de\/index.php\/wp-json\/wp\/v2\/brand?post=70998"},{"taxonomy":"product_brand","embeddable":true,"href":"https:\/\/onlinehardwareshop.de\/index.php\/wp-json\/wp\/v2\/product_brand?post=70998"},{"taxonomy":"product_cat","embeddable":true,"href":"https:\/\/onlinehardwareshop.de\/index.php\/wp-json\/wp\/v2\/product_cat?post=70998"},{"taxonomy":"product_tag","embeddable":true,"href":"https:\/\/onlinehardwareshop.de\/index.php\/wp-json\/wp\/v2\/product_tag?post=70998"}],"curies":[{"name":"wp","href":"https:\/\/api.w.org\/{rel}","templated":true}]}}