{"id":70959,"date":"2024-10-11T06:28:05","date_gmt":"2024-10-11T06:28:05","guid":{"rendered":"https:\/\/onlinehardwareshop.de\/index.php\/produkt\/kitchenaid-artisan-wasserkocher-crme-2\/"},"modified":"2025-05-16T03:01:24","modified_gmt":"2025-05-16T03:01:24","slug":"kitchenaid-artisan-wasserkocher-crme","status":"publish","type":"product","link":"https:\/\/onlinehardwareshop.de\/index.php\/produkt\/kitchenaid-artisan-wasserkocher-crme\/","title":{"rendered":"KitchenAid Artisan Wasserkocher Cr&#xE8;me"},"content":{"rendered":"<p>Mit dem KitchenAid Artisan Wasserkocher Cr\u00e8me kochst du Wasser mit genau der richtigen Temperatur. Du stellst die Temperatur einfach zwischen 50 &#038;#8451: und 100 &#038;#8451: ein. Der Wasserkocher hat eine schnelle Kochzeit, daher musst du nicht lange auf deine Tasse Tee warten. Wenn das Tonsignal ert\u00f6nt, wei\u00dft du, dass das Wasser kocht. Die Temperaturanzeige vorne am Wasserkocher zeigt die Temperatur des Wassers an. Das ist praktisch, um festzustellen, ob das Wasser noch hei\u00df genug ist, um eine zweite oder dritte Tasse Tee zuzubereiten. Dieser Wasserkocher hat eine doppelte Wand, die das Wasser l\u00e4nger hei\u00df h\u00e4lt und die Wand f\u00fchlt sich weniger hei\u00df an als der Durchschnitt.<\/p>\n","protected":false},"excerpt":{"rendered":"<p>Mit dem KitchenAid Artisan Wasserkocher Cr\u00e8me kochst du Wasser mit genau der richtigen Temperatur. Du stellst die Temperatur einfach zwischen 50 &#038;#8451: und 100 &#038;#8451: ein. Der Wasserkocher hat eine schnelle Kochzeit, daher musst du nicht lange auf deine Tasse Tee warten. Wenn das Tonsignal ert\u00f6nt, wei\u00dft du, dass das Wasser kocht. Die Temperaturanzeige vorne am Wasserkocher zeigt die Temperatur des Wassers an. Das ist praktisch, um festzustellen, ob das Wasser noch hei\u00df genug ist, um eine zweite oder dritte Tasse Tee zuzubereiten. Dieser Wasserkocher hat eine doppelte Wand, die das Wasser l\u00e4nger hei\u00df h\u00e4lt und die Wand f\u00fchlt sich weniger hei\u00df an als der Durchschnitt.<\/p>\n","protected":false},"featured_media":0,"comment_status":"closed","ping_status":"open","template":"","meta":{"_acf_changed":false},"brand":[709],"product_brand":[],"product_cat":[716],"product_tag":[717],"class_list":{"0":"post-70959","1":"product","2":"type-product","3":"status-publish","5":"brand-kitchenaid","6":"product_cat-wasserkocher","7":"product_tag-waterkokers","8":"pa_condition-new","9":"pa_coolblue-de-verzending-morgen-gratis-geliefert","10":"pa_ean-714","11":"pa_mpn-5kek1522eac","13":"first","14":"instock","15":"product-type-external"},"acf":[],"_links":{"self":[{"href":"https:\/\/onlinehardwareshop.de\/index.php\/wp-json\/wp\/v2\/product\/70959","targetHints":{"allow":["GET"]}}],"collection":[{"href":"https:\/\/onlinehardwareshop.de\/index.php\/wp-json\/wp\/v2\/product"}],"about":[{"href":"https:\/\/onlinehardwareshop.de\/index.php\/wp-json\/wp\/v2\/types\/product"}],"replies":[{"embeddable":true,"href":"https:\/\/onlinehardwareshop.de\/index.php\/wp-json\/wp\/v2\/comments?post=70959"}],"wp:attachment":[{"href":"https:\/\/onlinehardwareshop.de\/index.php\/wp-json\/wp\/v2\/media?parent=70959"}],"wp:term":[{"taxonomy":"brand","embeddable":true,"href":"https:\/\/onlinehardwareshop.de\/index.php\/wp-json\/wp\/v2\/brand?post=70959"},{"taxonomy":"product_brand","embeddable":true,"href":"https:\/\/onlinehardwareshop.de\/index.php\/wp-json\/wp\/v2\/product_brand?post=70959"},{"taxonomy":"product_cat","embeddable":true,"href":"https:\/\/onlinehardwareshop.de\/index.php\/wp-json\/wp\/v2\/product_cat?post=70959"},{"taxonomy":"product_tag","embeddable":true,"href":"https:\/\/onlinehardwareshop.de\/index.php\/wp-json\/wp\/v2\/product_tag?post=70959"}],"curies":[{"name":"wp","href":"https:\/\/api.w.org\/{rel}","templated":true}]}}