{"id":70867,"date":"2024-04-04T22:39:53","date_gmt":"2024-04-04T22:39:53","guid":{"rendered":"https:\/\/onlinehardwareshop.de\/index.php\/produkt\/le-creuset-les-forgees-bratpfanne-30cm-2\/"},"modified":"2025-05-15T14:31:02","modified_gmt":"2025-05-15T14:31:02","slug":"le-creuset-les-forgees-bratpfanne-30cm","status":"publish","type":"product","link":"https:\/\/onlinehardwareshop.de\/index.php\/produkt\/le-creuset-les-forgees-bratpfanne-30cm\/","title":{"rendered":"Le Creuset Les Forgees Bratpfanne 30&#xA0;cm"},"content":{"rendered":"<p>Du br\u00e4tst mit Einfachheit frische Zutaten in der Le Creuset Les Forgees Bratpfanne 30\u00a0cm an. Die Bratpfanne hat einen dicken Boden mit Antihaftbeschichtung, sodass du beim Braten wenig Fett brauchst. Diese Schicht sorgt daf\u00fcr, dass die Zutaten nicht am Boden haften bleiben. Du verwendest diese Bratpfanne auf allen W\u00e4rmequellen. Der Edelstahlgriff ist von innen hohl. Darum bleibt der Griff k\u00fchl und du kannst die Pfanne einfach sicher zum Esstisch bringen. Bist du fertig mit dem Essen? Chill dann ruhig auf dem Sofa, weil die Bratpfanne sp\u00fclmaschinenfest ist.<\/p>\n","protected":false},"excerpt":{"rendered":"<p>Du br\u00e4tst mit Einfachheit frische Zutaten in der Le Creuset Les Forgees Bratpfanne 30\u00a0cm an. Die Bratpfanne hat einen dicken Boden mit Antihaftbeschichtung, sodass du beim Braten wenig Fett brauchst. Diese Schicht sorgt daf\u00fcr, dass die Zutaten nicht am Boden haften bleiben. Du verwendest diese Bratpfanne auf allen W\u00e4rmequellen. Der Edelstahlgriff ist von innen hohl. Darum bleibt der Griff k\u00fchl und du kannst die Pfanne einfach sicher zum Esstisch bringen. Bist du fertig mit dem Essen? Chill dann ruhig auf dem Sofa, weil die Bratpfanne sp\u00fclmaschinenfest ist.<\/p>\n","protected":false},"featured_media":0,"comment_status":"closed","ping_status":"open","template":"","meta":{"_acf_changed":false},"brand":[371],"product_brand":[],"product_cat":[372],"product_tag":[384],"class_list":{"0":"post-70867","1":"product","2":"type-product","3":"status-publish","5":"brand-le-creuset","6":"product_cat-tpfe-und-pfannen","7":"product_tag-koekenpannen","8":"pa_condition-new","9":"pa_coolblue-de-verzending-morgen-gratis-geliefert","10":"pa_ean-387","11":"pa_mpn-388","13":"first","14":"instock","15":"product-type-external"},"acf":[],"_links":{"self":[{"href":"https:\/\/onlinehardwareshop.de\/index.php\/wp-json\/wp\/v2\/product\/70867","targetHints":{"allow":["GET"]}}],"collection":[{"href":"https:\/\/onlinehardwareshop.de\/index.php\/wp-json\/wp\/v2\/product"}],"about":[{"href":"https:\/\/onlinehardwareshop.de\/index.php\/wp-json\/wp\/v2\/types\/product"}],"replies":[{"embeddable":true,"href":"https:\/\/onlinehardwareshop.de\/index.php\/wp-json\/wp\/v2\/comments?post=70867"}],"wp:attachment":[{"href":"https:\/\/onlinehardwareshop.de\/index.php\/wp-json\/wp\/v2\/media?parent=70867"}],"wp:term":[{"taxonomy":"brand","embeddable":true,"href":"https:\/\/onlinehardwareshop.de\/index.php\/wp-json\/wp\/v2\/brand?post=70867"},{"taxonomy":"product_brand","embeddable":true,"href":"https:\/\/onlinehardwareshop.de\/index.php\/wp-json\/wp\/v2\/product_brand?post=70867"},{"taxonomy":"product_cat","embeddable":true,"href":"https:\/\/onlinehardwareshop.de\/index.php\/wp-json\/wp\/v2\/product_cat?post=70867"},{"taxonomy":"product_tag","embeddable":true,"href":"https:\/\/onlinehardwareshop.de\/index.php\/wp-json\/wp\/v2\/product_tag?post=70867"}],"curies":[{"name":"wp","href":"https:\/\/api.w.org\/{rel}","templated":true}]}}