{"id":70839,"date":"2024-11-21T07:02:15","date_gmt":"2024-11-21T07:02:15","guid":{"rendered":"https:\/\/onlinehardwareshop.de\/index.php\/produkt\/fellowes-fusttze-2\/"},"modified":"2025-05-15T03:21:49","modified_gmt":"2025-05-15T03:21:49","slug":"fellowes-fusttze","status":"publish","type":"product","link":"https:\/\/onlinehardwareshop.de\/index.php\/produkt\/fellowes-fusttze\/","title":{"rendered":"Fellowes Fu&#xDF;st&#xFC;tze"},"content":{"rendered":"<p>RSI-Beschwerden verhinderst du durch eine korrekte Sitzhaltung. Die Position deiner Beine ist dabei auch wichtig. Mit der Fellowes Fu\u00dfst\u00fctze sorgst du daf\u00fcr, dass deine Beine in der richtigen Position stehen, wenn du am Schreibtisch sitzt. F\u00fcr die richtige Haltung kannst du die Fellowes Fu\u00dfst\u00fctze in zwei Positionen bringen.<\/p>\n","protected":false},"excerpt":{"rendered":"<p>RSI-Beschwerden verhinderst du durch eine korrekte Sitzhaltung. Die Position deiner Beine ist dabei auch wichtig. Mit der Fellowes Fu\u00dfst\u00fctze sorgst du daf\u00fcr, dass deine Beine in der richtigen Position stehen, wenn du am Schreibtisch sitzt. F\u00fcr die richtige Haltung kannst du die Fellowes Fu\u00dfst\u00fctze in zwei Positionen bringen.<\/p>\n","protected":false},"featured_media":0,"comment_status":"closed","ping_status":"open","template":"","meta":{"_acf_changed":false},"brand":[277],"product_brand":[],"product_cat":[278],"product_tag":[279],"class_list":{"0":"post-70839","1":"product","2":"type-product","3":"status-publish","5":"brand-fellowes","6":"product_cat-fusttzen","7":"product_tag-voetensteunen-voor-bureaustoelen","8":"pa_condition-new","9":"pa_coolblue-de-verzending-morgen-gratis-geliefert","10":"pa_ean-275","11":"pa_mpn-fel48121","13":"first","14":"instock","15":"product-type-external"},"acf":[],"_links":{"self":[{"href":"https:\/\/onlinehardwareshop.de\/index.php\/wp-json\/wp\/v2\/product\/70839","targetHints":{"allow":["GET"]}}],"collection":[{"href":"https:\/\/onlinehardwareshop.de\/index.php\/wp-json\/wp\/v2\/product"}],"about":[{"href":"https:\/\/onlinehardwareshop.de\/index.php\/wp-json\/wp\/v2\/types\/product"}],"replies":[{"embeddable":true,"href":"https:\/\/onlinehardwareshop.de\/index.php\/wp-json\/wp\/v2\/comments?post=70839"}],"wp:attachment":[{"href":"https:\/\/onlinehardwareshop.de\/index.php\/wp-json\/wp\/v2\/media?parent=70839"}],"wp:term":[{"taxonomy":"brand","embeddable":true,"href":"https:\/\/onlinehardwareshop.de\/index.php\/wp-json\/wp\/v2\/brand?post=70839"},{"taxonomy":"product_brand","embeddable":true,"href":"https:\/\/onlinehardwareshop.de\/index.php\/wp-json\/wp\/v2\/product_brand?post=70839"},{"taxonomy":"product_cat","embeddable":true,"href":"https:\/\/onlinehardwareshop.de\/index.php\/wp-json\/wp\/v2\/product_cat?post=70839"},{"taxonomy":"product_tag","embeddable":true,"href":"https:\/\/onlinehardwareshop.de\/index.php\/wp-json\/wp\/v2\/product_tag?post=70839"}],"curies":[{"name":"wp","href":"https:\/\/api.w.org\/{rel}","templated":true}]}}