{"id":70838,"date":"2024-04-08T09:04:08","date_gmt":"2024-04-08T09:04:08","guid":{"rendered":"https:\/\/onlinehardwareshop.de\/index.php\/produkt\/sigma-f-105mm-f-2-8-ex-dg-macro-os-hsm-nikon-2\/"},"modified":"2025-05-15T03:21:45","modified_gmt":"2025-05-15T03:21:45","slug":"sigma-f-105mm-f-2-8-ex-dg-macro-os-hsm-nikon","status":"publish","type":"product","link":"https:\/\/onlinehardwareshop.de\/index.php\/produkt\/sigma-f-105mm-f-2-8-ex-dg-macro-os-hsm-nikon\/","title":{"rendered":"Sigma F 105&#xA0;mm f\/2.8 EX DG Macro OS HSM Nikon"},"content":{"rendered":"<p>Das Sigma 105mm f\/2.8-Makroobjektiv f\u00fcr Nikon Spiegelreflexkameras eignet sich f\u00fcr Makro-, Portr\u00e4t- und Naturfotografie. Das Objektiv verf\u00fcgt \u00fcber SLD-Glaselemente, die chromatische Aberrationen verhindern. Das sorgt f\u00fcr hohe Sch\u00e4rfe, nat\u00fcrliche Farben und optimalen Kontrast. Dar\u00fcber hinaus bietet der HSM-Motor einen superschnellen Autofokus, den du auch manuell zur pr\u00e4zisen Fokussierung verwenden kannst. Auf diese Weise kannst du Motive in schneller Bewegung wie einen Schmetterling genau erfassen. Dank der integrierten Bildstabilisierung, die einen Vorteil von 4 Blendenstufen bietet, verhindert das Objektiv au\u00dferdem Verwacklungen und Bewegungen.<\/p>\n","protected":false},"excerpt":{"rendered":"<p>Das Sigma 105mm f\/2.8-Makroobjektiv f\u00fcr Nikon Spiegelreflexkameras eignet sich f\u00fcr Makro-, Portr\u00e4t- und Naturfotografie. Das Objektiv verf\u00fcgt \u00fcber SLD-Glaselemente, die chromatische Aberrationen verhindern. Das sorgt f\u00fcr hohe Sch\u00e4rfe, nat\u00fcrliche Farben und optimalen Kontrast. Dar\u00fcber hinaus bietet der HSM-Motor einen superschnellen Autofokus, den du auch manuell zur pr\u00e4zisen Fokussierung verwenden kannst. Auf diese Weise kannst du Motive in schneller Bewegung wie einen Schmetterling genau erfassen. Dank der integrierten Bildstabilisierung, die einen Vorteil von 4 Blendenstufen bietet, verhindert das Objektiv au\u00dferdem Verwacklungen und Bewegungen.<\/p>\n","protected":false},"featured_media":0,"comment_status":"closed","ping_status":"open","template":"","meta":{"_acf_changed":false},"brand":[636],"product_brand":[],"product_cat":[187],"product_tag":[188],"class_list":{"0":"post-70838","1":"product","2":"type-product","3":"status-publish","5":"brand-sigma","6":"product_cat-kameraobjektive","7":"product_tag-lenzen-voor-slr-cameras","8":"pa_condition-new","9":"pa_coolblue-de-verzending-morgen-gratis-geliefert","10":"pa_ean-27516","11":"pa_mpn-27517","13":"first","14":"instock","15":"product-type-external"},"acf":[],"_links":{"self":[{"href":"https:\/\/onlinehardwareshop.de\/index.php\/wp-json\/wp\/v2\/product\/70838","targetHints":{"allow":["GET"]}}],"collection":[{"href":"https:\/\/onlinehardwareshop.de\/index.php\/wp-json\/wp\/v2\/product"}],"about":[{"href":"https:\/\/onlinehardwareshop.de\/index.php\/wp-json\/wp\/v2\/types\/product"}],"replies":[{"embeddable":true,"href":"https:\/\/onlinehardwareshop.de\/index.php\/wp-json\/wp\/v2\/comments?post=70838"}],"wp:attachment":[{"href":"https:\/\/onlinehardwareshop.de\/index.php\/wp-json\/wp\/v2\/media?parent=70838"}],"wp:term":[{"taxonomy":"brand","embeddable":true,"href":"https:\/\/onlinehardwareshop.de\/index.php\/wp-json\/wp\/v2\/brand?post=70838"},{"taxonomy":"product_brand","embeddable":true,"href":"https:\/\/onlinehardwareshop.de\/index.php\/wp-json\/wp\/v2\/product_brand?post=70838"},{"taxonomy":"product_cat","embeddable":true,"href":"https:\/\/onlinehardwareshop.de\/index.php\/wp-json\/wp\/v2\/product_cat?post=70838"},{"taxonomy":"product_tag","embeddable":true,"href":"https:\/\/onlinehardwareshop.de\/index.php\/wp-json\/wp\/v2\/product_tag?post=70838"}],"curies":[{"name":"wp","href":"https:\/\/api.w.org\/{rel}","templated":true}]}}