{"id":70415,"date":"2025-03-11T08:23:35","date_gmt":"2025-03-11T08:23:35","guid":{"rendered":"https:\/\/onlinehardwareshop.de\/index.php\/produkt\/hoverair-x1-travel-case\/"},"modified":"2025-05-14T18:49:25","modified_gmt":"2025-05-14T18:49:25","slug":"hoverair-x1-travel-case","status":"publish","type":"product","link":"https:\/\/onlinehardwareshop.de\/index.php\/produkt\/hoverair-x1-travel-case\/","title":{"rendered":"HOVERAir X1 Travel Case"},"content":{"rendered":"<p>Das HOVERAir X1 Travel Case ist eine praktische Tasche f\u00fcr deine HOVERAir X1 Combo. In der Tasche ist Platz f\u00fcr deine Drohne und das Zubeh\u00f6r der Combo. Dank des leichten Materials nimmst du die Tasche problemlos mit auf Reisen. Die robuste Tasche sch\u00fctzt deine Drohne vor Sch\u00e4den wie Kratzern und St\u00f6\u00dfen.<\/p>\n","protected":false},"excerpt":{"rendered":"<p>Das HOVERAir X1 Travel Case ist eine praktische Tasche f\u00fcr deine HOVERAir X1 Combo. In der Tasche ist Platz f\u00fcr deine Drohne und das Zubeh\u00f6r der Combo. Dank des leichten Materials nimmst du die Tasche problemlos mit auf Reisen. Die robuste Tasche sch\u00fctzt deine Drohne vor Sch\u00e4den wie Kratzern und St\u00f6\u00dfen.<\/p>\n","protected":false},"featured_media":0,"comment_status":"closed","ping_status":"open","template":"","meta":{"_acf_changed":false},"brand":[32320],"product_brand":[],"product_cat":[7212],"product_tag":[7213],"class_list":{"0":"post-70415","1":"product","2":"type-product","3":"status-publish","5":"brand-hoverair","6":"product_cat-zubehrsets-fr-drohnen","7":"product_tag-accessoiresets-voor-drones","8":"pa_condition-new","9":"pa_coolblue-de-verzending-morgen-gratis-geliefert","10":"pa_ean-33953","11":"pa_mpn-sp83h019","13":"first","14":"instock","15":"product-type-external"},"acf":[],"_links":{"self":[{"href":"https:\/\/onlinehardwareshop.de\/index.php\/wp-json\/wp\/v2\/product\/70415","targetHints":{"allow":["GET"]}}],"collection":[{"href":"https:\/\/onlinehardwareshop.de\/index.php\/wp-json\/wp\/v2\/product"}],"about":[{"href":"https:\/\/onlinehardwareshop.de\/index.php\/wp-json\/wp\/v2\/types\/product"}],"replies":[{"embeddable":true,"href":"https:\/\/onlinehardwareshop.de\/index.php\/wp-json\/wp\/v2\/comments?post=70415"}],"wp:attachment":[{"href":"https:\/\/onlinehardwareshop.de\/index.php\/wp-json\/wp\/v2\/media?parent=70415"}],"wp:term":[{"taxonomy":"brand","embeddable":true,"href":"https:\/\/onlinehardwareshop.de\/index.php\/wp-json\/wp\/v2\/brand?post=70415"},{"taxonomy":"product_brand","embeddable":true,"href":"https:\/\/onlinehardwareshop.de\/index.php\/wp-json\/wp\/v2\/product_brand?post=70415"},{"taxonomy":"product_cat","embeddable":true,"href":"https:\/\/onlinehardwareshop.de\/index.php\/wp-json\/wp\/v2\/product_cat?post=70415"},{"taxonomy":"product_tag","embeddable":true,"href":"https:\/\/onlinehardwareshop.de\/index.php\/wp-json\/wp\/v2\/product_tag?post=70415"}],"curies":[{"name":"wp","href":"https:\/\/api.w.org\/{rel}","templated":true}]}}