{"id":59174,"date":"2025-03-06T11:52:47","date_gmt":"2025-03-06T11:52:47","guid":{"rendered":"https:\/\/onlinehardwareshop.de\/index.php\/produkt\/severin-at-9576-creme\/"},"modified":"2025-05-14T19:01:45","modified_gmt":"2025-05-14T19:01:45","slug":"severin-at-9576-creme","status":"publish","type":"product","link":"https:\/\/onlinehardwareshop.de\/index.php\/produkt\/severin-at-9576-creme\/","title":{"rendered":"Severin AT 9576 Creme"},"content":{"rendered":"<p>Mit dem Severin AT 9576 Toaster in Creme wird dein Fr\u00fchst\u00fccksbrot so knusprig, wie du magst. Daf\u00fcr w\u00e4hlst du aus sechs verschiedenen R\u00f6ststufen aus. So toastest du dein Brot ganz nach deinem Geschmack, ob nur leicht oder richtig kross. Der Severin Toaster sorgt f\u00fcr weniger Dreck auf deiner Arbeitsplatte. In der ausziehbaren Kr\u00fcmelschublade sammeln sich die Br\u00f6sel. Auf diese Weise reinigst du das Ger\u00e4t besonders einfach. Au\u00dferdem h\u00e4ufen sich unter dem Toaster keine nervigen Brotkr\u00fcmel mehr in deiner K\u00fcche. Kaufst du gerne gr\u00f6\u00dfere Brote beim B\u00e4cker ein und frierst die H\u00e4lfte ein? Dank der Auftaufunktion des Toasters bereitest du dir stets in Minutenschnelle ein leckeres Sandwich zu. Damit taust du die eingefrorenen Brotscheiben n\u00e4mlich im Handumdrehen auf.<\/p>\n","protected":false},"excerpt":{"rendered":"<p>Mit dem Severin AT 9576 Toaster in Creme wird dein Fr\u00fchst\u00fccksbrot so knusprig, wie du magst. Daf\u00fcr w\u00e4hlst du aus sechs verschiedenen R\u00f6ststufen aus. So toastest du dein Brot ganz nach deinem Geschmack, ob nur leicht oder richtig kross. Der Severin Toaster sorgt f\u00fcr weniger Dreck auf deiner Arbeitsplatte. In der ausziehbaren Kr\u00fcmelschublade sammeln sich die Br\u00f6sel. Auf diese Weise reinigst du das Ger\u00e4t besonders einfach. Au\u00dferdem h\u00e4ufen sich unter dem Toaster keine nervigen Brotkr\u00fcmel mehr in deiner K\u00fcche. Kaufst du gerne gr\u00f6\u00dfere Brote beim B\u00e4cker ein und frierst die H\u00e4lfte ein? Dank der Auftaufunktion des Toasters bereitest du dir stets in Minutenschnelle ein leckeres Sandwich zu. Damit taust du die eingefrorenen Brotscheiben n\u00e4mlich im Handumdrehen auf.<\/p>\n","protected":false},"featured_media":0,"comment_status":"closed","ping_status":"open","template":"","meta":{"_acf_changed":false},"brand":[12235],"product_brand":[],"product_cat":[283],"product_tag":[284],"class_list":{"0":"post-59174","1":"product","2":"type-product","3":"status-publish","5":"brand-severin","6":"product_cat-toaster","7":"product_tag-broodroosters","8":"pa_condition-new","9":"pa_coolblue-de-verzending-morgen-gratis-geliefert","10":"pa_ean-32836","11":"pa_mpn-19702-66-000-00","13":"first","14":"instock","15":"product-type-external"},"acf":[],"_links":{"self":[{"href":"https:\/\/onlinehardwareshop.de\/index.php\/wp-json\/wp\/v2\/product\/59174","targetHints":{"allow":["GET"]}}],"collection":[{"href":"https:\/\/onlinehardwareshop.de\/index.php\/wp-json\/wp\/v2\/product"}],"about":[{"href":"https:\/\/onlinehardwareshop.de\/index.php\/wp-json\/wp\/v2\/types\/product"}],"replies":[{"embeddable":true,"href":"https:\/\/onlinehardwareshop.de\/index.php\/wp-json\/wp\/v2\/comments?post=59174"}],"wp:attachment":[{"href":"https:\/\/onlinehardwareshop.de\/index.php\/wp-json\/wp\/v2\/media?parent=59174"}],"wp:term":[{"taxonomy":"brand","embeddable":true,"href":"https:\/\/onlinehardwareshop.de\/index.php\/wp-json\/wp\/v2\/brand?post=59174"},{"taxonomy":"product_brand","embeddable":true,"href":"https:\/\/onlinehardwareshop.de\/index.php\/wp-json\/wp\/v2\/product_brand?post=59174"},{"taxonomy":"product_cat","embeddable":true,"href":"https:\/\/onlinehardwareshop.de\/index.php\/wp-json\/wp\/v2\/product_cat?post=59174"},{"taxonomy":"product_tag","embeddable":true,"href":"https:\/\/onlinehardwareshop.de\/index.php\/wp-json\/wp\/v2\/product_tag?post=59174"}],"curies":[{"name":"wp","href":"https:\/\/api.w.org\/{rel}","templated":true}]}}