{"id":25264,"date":"2024-03-17T03:34:16","date_gmt":"2024-03-17T03:34:16","guid":{"rendered":"https:\/\/onlinehardwareshop.de\/index.php\/produkt\/jura-milchschlauch-mit-edelstahlummantelung-hp3\/"},"modified":"2025-05-14T15:36:21","modified_gmt":"2025-05-14T15:36:21","slug":"jura-milchschlauch-mit-edelstahlummantelung-hp3","status":"publish","type":"product","link":"https:\/\/onlinehardwareshop.de\/index.php\/produkt\/jura-milchschlauch-mit-edelstahlummantelung-hp3\/","title":{"rendered":"Jura Milchschlauch mit Edelstahlummantelung HP3"},"content":{"rendered":"<p>Mit dem Jura Milchschlauch mit Edelstahlummantelung genie\u00dft du deinen Kaffee mit Stil. Die Ummantelung in Silber-Optik sieht schick aus und sch\u00fctzt die Milch vor Sonnenstrahlen. So bleibt deine Milch l\u00e4nger frisch. Die Anschl\u00fcsse an beiden Enden des Schlauchs sind auf die Ma\u00dfe des HP3 Milchsystems angepasst. Dadurch entweicht keine Luft w\u00e4hrend der Nutzung und der Milchschaum gelingt im Handumdrehen.<\/p>\n","protected":false},"excerpt":{"rendered":"<p>Mit dem Jura Milchschlauch mit Edelstahlummantelung genie\u00dft du deinen Kaffee mit Stil. Die Ummantelung in Silber-Optik sieht schick aus und sch\u00fctzt die Milch vor Sonnenstrahlen. So bleibt deine Milch l\u00e4nger frisch. Die Anschl\u00fcsse an beiden Enden des Schlauchs sind auf die Ma\u00dfe des HP3 Milchsystems angepasst. Dadurch entweicht keine Luft w\u00e4hrend der Nutzung und der Milchschaum gelingt im Handumdrehen.<\/p>\n","protected":false},"featured_media":0,"comment_status":"closed","ping_status":"open","template":"","meta":{"_acf_changed":false},"brand":[608],"product_brand":[],"product_cat":[10856],"product_tag":[10857],"class_list":{"0":"post-25264","1":"product","2":"type-product","3":"status-publish","5":"brand-jura","6":"product_cat-milchreiniger","7":"product_tag-melkreiniger","8":"pa_condition-new","9":"pa_coolblue-de-verzending-morgen-gratis-geliefert","10":"pa_ean-24716","11":"pa_mpn-9w1y5ea_abd","13":"first","14":"instock","15":"product-type-external"},"acf":[],"_links":{"self":[{"href":"https:\/\/onlinehardwareshop.de\/index.php\/wp-json\/wp\/v2\/product\/25264","targetHints":{"allow":["GET"]}}],"collection":[{"href":"https:\/\/onlinehardwareshop.de\/index.php\/wp-json\/wp\/v2\/product"}],"about":[{"href":"https:\/\/onlinehardwareshop.de\/index.php\/wp-json\/wp\/v2\/types\/product"}],"replies":[{"embeddable":true,"href":"https:\/\/onlinehardwareshop.de\/index.php\/wp-json\/wp\/v2\/comments?post=25264"}],"wp:attachment":[{"href":"https:\/\/onlinehardwareshop.de\/index.php\/wp-json\/wp\/v2\/media?parent=25264"}],"wp:term":[{"taxonomy":"brand","embeddable":true,"href":"https:\/\/onlinehardwareshop.de\/index.php\/wp-json\/wp\/v2\/brand?post=25264"},{"taxonomy":"product_brand","embeddable":true,"href":"https:\/\/onlinehardwareshop.de\/index.php\/wp-json\/wp\/v2\/product_brand?post=25264"},{"taxonomy":"product_cat","embeddable":true,"href":"https:\/\/onlinehardwareshop.de\/index.php\/wp-json\/wp\/v2\/product_cat?post=25264"},{"taxonomy":"product_tag","embeddable":true,"href":"https:\/\/onlinehardwareshop.de\/index.php\/wp-json\/wp\/v2\/product_tag?post=25264"}],"curies":[{"name":"wp","href":"https:\/\/api.w.org\/{rel}","templated":true}]}}