{"id":22247,"date":"2024-10-14T09:39:33","date_gmt":"2024-10-14T09:39:33","guid":{"rendered":"https:\/\/onlinehardwareshop.de\/index.php\/produkt\/google-pixel-watch3-schwarz-41mm\/"},"modified":"2025-05-14T13:27:11","modified_gmt":"2025-05-14T13:27:11","slug":"google-pixel-watch3-schwarz-41mm","status":"publish","type":"product","link":"https:\/\/onlinehardwareshop.de\/index.php\/produkt\/google-pixel-watch3-schwarz-41mm\/","title":{"rendered":"Google Pixel Watch&#xA0;3 Schwarz 41&#xA0;mm"},"content":{"rendered":"<p>Die Google Pixel Watch\u00a03 Schwarz 41\u00a0mm funktioniert gut zusammen mit Google Pixel Smartphones sowie anderen Android Smartphones. Verwende auf deiner Smartwatch zum Beispiel Google Maps, um dich schnell an dein Ziel f\u00fchren zu lassen, w\u00e4hrend du dein Smartphone in deiner Tasche l\u00e4sst. Oder bediene \u00fcber die Watch deine Google Home Ger\u00e4te. Das Display der Pixel Watch\u00a03 verf\u00fcgt \u00fcber eine variable Bildwiederholfrequenz. Wenn du scrollst oder Apps verwendest, zeigt dir die Uhr alles fl\u00fcssig und schnell an. Wenn du gerade keine Apps verwendest und zum Beispiel dein Always-on-Display eingeschaltet ist, ist die Bildwiederholfrequenz geringer, wodurch der Akku l\u00e4nger h\u00e4lt. Ein vollgeladener Akku h\u00e4lt in etwa einen Tag lang. Lade dir auch Apps wie Spotify, Strava oder WhatsApp im Play Store herunter. Mit Google Wallet bezahlst du au\u00dferdem kontaktlos, sofern deine Bank diese Funktion unterst\u00fctzt.  Diese Uhr wird f\u00fcr einen Handgelenkumfang von 13 bis 15\u00a0cm empfohlen.<\/p>\n","protected":false},"excerpt":{"rendered":"<p>Die Google Pixel Watch\u00a03 Schwarz 41\u00a0mm funktioniert gut zusammen mit Google Pixel Smartphones sowie anderen Android Smartphones. Verwende auf deiner Smartwatch zum Beispiel Google Maps, um dich schnell an dein Ziel f\u00fchren zu lassen, w\u00e4hrend du dein Smartphone in deiner Tasche l\u00e4sst. Oder bediene \u00fcber die Watch deine Google Home Ger\u00e4te. Das Display der Pixel Watch\u00a03 verf\u00fcgt \u00fcber eine variable Bildwiederholfrequenz. Wenn du scrollst oder Apps verwendest, zeigt dir die Uhr alles fl\u00fcssig und schnell an. Wenn du gerade keine Apps verwendest und zum Beispiel dein Always-on-Display eingeschaltet ist, ist die Bildwiederholfrequenz geringer, wodurch der Akku l\u00e4nger h\u00e4lt. Ein vollgeladener Akku h\u00e4lt in etwa einen Tag lang. Lade dir auch Apps wie Spotify, Strava oder WhatsApp im Play Store herunter. Mit Google Wallet bezahlst du au\u00dferdem kontaktlos, sofern deine Bank diese Funktion unterst\u00fctzt.  Diese Uhr wird f\u00fcr einen Handgelenkumfang von 13 bis 15\u00a0cm empfohlen.<\/p>\n","protected":false},"featured_media":0,"comment_status":"closed","ping_status":"open","template":"","meta":{"_acf_changed":false},"brand":[12457],"product_brand":[],"product_cat":[6848],"product_tag":[6849],"class_list":{"0":"post-22247","1":"product","2":"type-product","3":"status-publish","5":"brand-google","6":"product_cat-smartwatches","7":"product_tag-slimme-horloges","8":"pa_condition-new","9":"pa_coolblue-de-verzending-morgen-gratis-geliefert","10":"pa_ean-22108","11":"pa_mpn-ga05757-de","13":"first","14":"instock","15":"product-type-external"},"acf":[],"_links":{"self":[{"href":"https:\/\/onlinehardwareshop.de\/index.php\/wp-json\/wp\/v2\/product\/22247","targetHints":{"allow":["GET"]}}],"collection":[{"href":"https:\/\/onlinehardwareshop.de\/index.php\/wp-json\/wp\/v2\/product"}],"about":[{"href":"https:\/\/onlinehardwareshop.de\/index.php\/wp-json\/wp\/v2\/types\/product"}],"replies":[{"embeddable":true,"href":"https:\/\/onlinehardwareshop.de\/index.php\/wp-json\/wp\/v2\/comments?post=22247"}],"wp:attachment":[{"href":"https:\/\/onlinehardwareshop.de\/index.php\/wp-json\/wp\/v2\/media?parent=22247"}],"wp:term":[{"taxonomy":"brand","embeddable":true,"href":"https:\/\/onlinehardwareshop.de\/index.php\/wp-json\/wp\/v2\/brand?post=22247"},{"taxonomy":"product_brand","embeddable":true,"href":"https:\/\/onlinehardwareshop.de\/index.php\/wp-json\/wp\/v2\/product_brand?post=22247"},{"taxonomy":"product_cat","embeddable":true,"href":"https:\/\/onlinehardwareshop.de\/index.php\/wp-json\/wp\/v2\/product_cat?post=22247"},{"taxonomy":"product_tag","embeddable":true,"href":"https:\/\/onlinehardwareshop.de\/index.php\/wp-json\/wp\/v2\/product_tag?post=22247"}],"curies":[{"name":"wp","href":"https:\/\/api.w.org\/{rel}","templated":true}]}}