{"id":21799,"date":"2025-02-23T00:48:55","date_gmt":"2025-02-23T00:48:55","guid":{"rendered":"https:\/\/onlinehardwareshop.de\/index.php\/produkt\/dewalt-kreissgeblatt-set-250mm-3-teilig-24t-2x-48t\/"},"modified":"2025-05-14T13:09:00","modified_gmt":"2025-05-14T13:09:00","slug":"dewalt-kreissgeblatt-set-250mm-3-teilig-24t-2x-48t","status":"publish","type":"product","link":"https:\/\/onlinehardwareshop.de\/index.php\/produkt\/dewalt-kreissgeblatt-set-250mm-3-teilig-24t-2x-48t\/","title":{"rendered":"DeWalt Kreiss&#xE4;geblatt-Set 250&#xA0;mm 3-teilig 24&#xA0;T (2x) \/ 48&#xA0;T"},"content":{"rendered":"<p>Mit dem DeWalt Kreiss\u00e4geblatt-Set 250\u00a0mm 3-teilig 24\u00a0T (2x) \/ 48\u00a0T s\u00e4gst du Holz, MDF und Laminat. Diese S\u00e4gebl\u00e4tter sind besonders robust und nagelfest. Mit den 24 bzw. 48 Z\u00e4hnen s\u00e4gst du dein Material wie weiche Butter. Die Kreiss\u00e4gebl\u00e4tter haben einen Au\u00dfendurchschnitt von 250\u00a0mm und eine Bohrung von 30\u00a0mm. \u00dcberpr\u00fcfe vorab genau, ob sie auf deine Kreiss\u00e4ge passen.<\/p>\n","protected":false},"excerpt":{"rendered":"<p>Mit dem DeWalt Kreiss\u00e4geblatt-Set 250\u00a0mm 3-teilig 24\u00a0T (2x) \/ 48\u00a0T s\u00e4gst du Holz, MDF und Laminat. Diese S\u00e4gebl\u00e4tter sind besonders robust und nagelfest. Mit den 24 bzw. 48 Z\u00e4hnen s\u00e4gst du dein Material wie weiche Butter. Die Kreiss\u00e4gebl\u00e4tter haben einen Au\u00dfendurchschnitt von 250\u00a0mm und eine Bohrung von 30\u00a0mm. \u00dcberpr\u00fcfe vorab genau, ob sie auf deine Kreiss\u00e4ge passen.<\/p>\n","protected":false},"featured_media":0,"comment_status":"closed","ping_status":"open","template":"","meta":{"_acf_changed":false},"brand":[980],"product_brand":[],"product_cat":[333],"product_tag":[334],"class_list":{"0":"post-21799","1":"product","2":"type-product","3":"status-publish","5":"brand-dewalt","6":"product_cat-sgebltter","7":"product_tag-zaagbladen","8":"pa_condition-new","9":"pa_coolblue-de-verzending-morgen-gratis-geliefert","10":"pa_ean-21717","11":"pa_mpn-dt1963-qz","13":"first","14":"instock","15":"product-type-external"},"acf":[],"_links":{"self":[{"href":"https:\/\/onlinehardwareshop.de\/index.php\/wp-json\/wp\/v2\/product\/21799","targetHints":{"allow":["GET"]}}],"collection":[{"href":"https:\/\/onlinehardwareshop.de\/index.php\/wp-json\/wp\/v2\/product"}],"about":[{"href":"https:\/\/onlinehardwareshop.de\/index.php\/wp-json\/wp\/v2\/types\/product"}],"replies":[{"embeddable":true,"href":"https:\/\/onlinehardwareshop.de\/index.php\/wp-json\/wp\/v2\/comments?post=21799"}],"wp:attachment":[{"href":"https:\/\/onlinehardwareshop.de\/index.php\/wp-json\/wp\/v2\/media?parent=21799"}],"wp:term":[{"taxonomy":"brand","embeddable":true,"href":"https:\/\/onlinehardwareshop.de\/index.php\/wp-json\/wp\/v2\/brand?post=21799"},{"taxonomy":"product_brand","embeddable":true,"href":"https:\/\/onlinehardwareshop.de\/index.php\/wp-json\/wp\/v2\/product_brand?post=21799"},{"taxonomy":"product_cat","embeddable":true,"href":"https:\/\/onlinehardwareshop.de\/index.php\/wp-json\/wp\/v2\/product_cat?post=21799"},{"taxonomy":"product_tag","embeddable":true,"href":"https:\/\/onlinehardwareshop.de\/index.php\/wp-json\/wp\/v2\/product_tag?post=21799"}],"curies":[{"name":"wp","href":"https:\/\/api.w.org\/{rel}","templated":true}]}}