{"id":10688,"date":"2024-08-24T13:47:11","date_gmt":"2024-08-24T13:47:11","guid":{"rendered":"https:\/\/onlinehardwareshop.de\/index.php\/produkt\/geschenkgutschein-weihnachten-100euro\/"},"modified":"2025-05-14T06:14:18","modified_gmt":"2025-05-14T06:14:18","slug":"geschenkgutschein-weihnachten-100euro","status":"publish","type":"product","link":"https:\/\/onlinehardwareshop.de\/index.php\/produkt\/geschenkgutschein-weihnachten-100euro\/","title":{"rendered":"Geschenkgutschein Weihnachten 100&#xA0;Euro"},"content":{"rendered":"<p>M\u00f6chtest du w\u00e4hrend der Feiertage jemanden \u00fcberraschen? \u00dcberlege dir dann, einen Coolblue-Geschenkgutschein im Wert von 100\u00a0Euro zu verschenken. Damit kann der Empf\u00e4nger selbst ein der tausenden Produkte aus unserem Webshop ausw\u00e4hlen. Von Smart-Ger\u00e4ten und Games bis hin zu Haushaltsger\u00e4ten. F\u00fcr die Empf\u00e4nger des Geschenkgutscheins ist immer etwas dabei.   Wie funktioniert es? Du erh\u00e4ltst den Geschenkgutschein in einer Versandverpackung. Diese \u00f6ffnest du. Der Geschenkgutschein befindet sich darin in einer flachen Schachtel mit Rei\u00dfverschluss. Du \u00fcberreichst den Geschenkgutschein in dieser Schachtel dem Empf\u00e4nger. Sobald der Empf\u00e4nger den Rei\u00dfverschluss \u00f6ffnet, schnappt die Verpackung auf und verursacht eine Welle des Gl\u00fccks. Der Coolblue-Geschenkgutschein ist f\u00fcnf Jahre nach Rechnungsdatum g\u00fcltig und kann in mehreren K\u00e4ufen ausgegeben werden.<\/p>\n","protected":false},"excerpt":{"rendered":"<p>M\u00f6chtest du w\u00e4hrend der Feiertage jemanden \u00fcberraschen? \u00dcberlege dir dann, einen Coolblue-Geschenkgutschein im Wert von 100\u00a0Euro zu verschenken. Damit kann der Empf\u00e4nger selbst ein der tausenden Produkte aus unserem Webshop ausw\u00e4hlen. Von Smart-Ger\u00e4ten und Games bis hin zu Haushaltsger\u00e4ten. F\u00fcr die Empf\u00e4nger des Geschenkgutscheins ist immer etwas dabei.   Wie funktioniert es? Du erh\u00e4ltst den Geschenkgutschein in einer Versandverpackung. Diese \u00f6ffnest du. Der Geschenkgutschein befindet sich darin in einer flachen Schachtel mit Rei\u00dfverschluss. Du \u00fcberreichst den Geschenkgutschein in dieser Schachtel dem Empf\u00e4nger. Sobald der Empf\u00e4nger den Rei\u00dfverschluss \u00f6ffnet, schnappt die Verpackung auf und verursacht eine Welle des Gl\u00fccks. Der Coolblue-Geschenkgutschein ist f\u00fcnf Jahre nach Rechnungsdatum g\u00fcltig und kann in mehreren K\u00e4ufen ausgegeben werden.<\/p>\n","protected":false},"featured_media":0,"comment_status":"closed","ping_status":"open","template":"","meta":{"_acf_changed":false},"brand":[9330],"product_brand":[],"product_cat":[11092],"product_tag":[11102],"class_list":{"0":"post-10688","1":"product","2":"type-product","3":"status-publish","5":"brand-coolblue","6":"product_cat-geschenkgutscheine","7":"product_tag-cadeaubonnen","8":"pa_condition-new","9":"pa_coolblue-de-verzending-morgen-gratis-geliefert","10":"pa_ean-cb915263","11":"pa_mpn-de-100-f","13":"first","14":"instock","15":"product-type-external"},"acf":[],"_links":{"self":[{"href":"https:\/\/onlinehardwareshop.de\/index.php\/wp-json\/wp\/v2\/product\/10688","targetHints":{"allow":["GET"]}}],"collection":[{"href":"https:\/\/onlinehardwareshop.de\/index.php\/wp-json\/wp\/v2\/product"}],"about":[{"href":"https:\/\/onlinehardwareshop.de\/index.php\/wp-json\/wp\/v2\/types\/product"}],"replies":[{"embeddable":true,"href":"https:\/\/onlinehardwareshop.de\/index.php\/wp-json\/wp\/v2\/comments?post=10688"}],"wp:attachment":[{"href":"https:\/\/onlinehardwareshop.de\/index.php\/wp-json\/wp\/v2\/media?parent=10688"}],"wp:term":[{"taxonomy":"brand","embeddable":true,"href":"https:\/\/onlinehardwareshop.de\/index.php\/wp-json\/wp\/v2\/brand?post=10688"},{"taxonomy":"product_brand","embeddable":true,"href":"https:\/\/onlinehardwareshop.de\/index.php\/wp-json\/wp\/v2\/product_brand?post=10688"},{"taxonomy":"product_cat","embeddable":true,"href":"https:\/\/onlinehardwareshop.de\/index.php\/wp-json\/wp\/v2\/product_cat?post=10688"},{"taxonomy":"product_tag","embeddable":true,"href":"https:\/\/onlinehardwareshop.de\/index.php\/wp-json\/wp\/v2\/product_tag?post=10688"}],"curies":[{"name":"wp","href":"https:\/\/api.w.org\/{rel}","templated":true}]}}